i be 1 + -1 + (3 - 1). Suppose -2*z + 4 = -i*y, -4*z - 5*y = -z - 38. Suppose -4*w - z = -2*m, -m + 3 = -0*m + 4*w. What is the units digit of m?
3
Let a be (9/(-12))/((-4)/16). Suppose 0 = n - 0*n - 5, 0 = r + a*n - 34. What is the units digit of r?
9
Let c = 3 + -1. Suppose -l = -s, 2*s + c*l = 3 + 5. What is the units digit of s?
2
Let v(m) = -34*m - 31. What is the tens digit of v(-7)?
0
Suppose a + 2 - 6 = 0. Suppose a = 2*z - 34. Suppose n - 1 = -2*o + 4*n, -z = -2*o - 3*n. What is the units digit of o?
5
Let k be (-7)/14*0/(-2). Suppose d - 2 - 28 = k. What is the units digit of d?
0
Let d(f) = -3*f - 4. Let j be d(-3). Suppose j*h - 60 = 5*r, h + 5 = 4*r + 20. Suppose 5*i - h = 49. What is the tens digit of i?
1
Let c be 2/7 - (-26)/7. Let u = 26 + -11. Suppose -c*z + u = 3. What is the units digit of z?
3
Let w(k) = -10*k - 62. What is the units digit of w(-29)?
8
Suppose -3*j = 2 + 1, -4*j - 169 = 3*g. Let m = g + 77. What is the units digit of m?
2
Let n = -55 + 146. What is the tens digit of n?
9
Let t = -6 - -32. Let s = t + -9. What is the units digit of s?
7
Let x(y) = -y - 14. Let c be x(-10). What is the tens digit of 76/c*-2 - 1?
3
Suppose 125 = -0*k + 5*k. Suppose k = -2*w + 7*w. What is the units digit of w?
5
Let q(u) = 3*u + 5. What is the tens digit of q(8)?
2
Let d(p) = p**3 - 3*p**2 + 2*p + 2. Let n be d(2). Let k(i) = 8*i**2 - 2*i. What is the tens digit of k(n)?
2
Let t = 33 + -17. Suppose -t = -k - k. What is the units digit of k?
8
Let g be (-1)/4 - (-42)/8. Suppose -g + 53 = 4*f. What is the units digit of f?
2
Let k(g) = -g**2 + 29*g + 8. What is the hundreds digit of k(11)?
2
Let f = -102 + 335. What is the tens digit of f?
3
Let h(c) = 2*c**2 - 2. Let l(x) = 2*x**2 + x + 2. Let b(z) = z**2 + z - 1. Let r(m) = -b(m) - l(m). Let w be r(-1). What is the units digit of h(w)?
6
Let y = 137 + -13. What is the hundreds digit of y?
1
What is the units digit of 2*70/15*3*2?
6
Let o be -115 + (-3 - -5) + -3. Let h = 171 + o. What is the tens digit of h?
5
Suppose h - 4*u + 268 = 3*h, 2*h = -3*u + 268. What is the hundreds digit of h?
1
Let z = 132 + -101. What is the tens digit of z?
3
Let w be (-2)/14 - 460/(-35). Suppose j - 9 = w. What is the tens digit of j?
2
Suppose 0*h = 2*h - 58. Let f = -13 + h. What is the units digit of f?
6
Let s(h) = h**2 + 4*h - 1. Let m be s(-4). Let v be (m*1)/(3/(-6)). What is the tens digit of 1 - (v + (-36)/3)?
1
Let k = -15 + 17. Suppose 4*w = 2*w, -4*w = -k*z + 34. What is the tens digit of z?
1
Let t be -1 - 0 - 10 - -3. Let w = 12 + t. What is the units digit of w?
4
Let l be (4 - 6)/((-2)/4). What is the units digit of (-126)/(-8) - l/(-16)?
6
Let m(h) = h**2 - 1. Let x be m(-1). Let o(v) = v. Let d be o(x). Let b = d - -3. What is the units digit of b?
3
Suppose -7*r = -2*r - 160. What is the tens digit of r?
3
What is the units digit of ((-12)/(-16) - 4)*-8?
6
Let s(f) = f**3 - 5*f**2 + 5*f + 3. Let h be s(4). Let x = h + -2. Suppose -2*p = -2*o - o + 14, -x*p = -5*o + 25. What is the units digit of o?
4
Suppose 3*c - 86 = -c - 3*r, -5*c + 2*r = -96. Suppose 0*p - 126 = -5*p - f, -c = 5*f. What is the tens digit of p?
2
Suppose 12*w + 18 = 14*w. What is the units digit of w?
9
Suppose 6*u = 3*u - 2*i - 12, -2*i = -6. Let z = u - -11. What is the units digit of z?
5
Suppose -4*v = -4*a - 8, 2*v - v - 7 = 2*a. What is the units digit of ((-9)/2)/(v/4)?
6
Let z = 21 - 18. What is the units digit of (-4 + z)*(-9 + 1)?
8
Suppose 0 = -4*o + 5*x - 94, -4*x = -2*o - x - 48. Suppose z - 3*s - 40 = 0, 0*s = -4*z + 3*s + 133. Let v = o + z. What is the units digit of v?
0
Suppose 352 = -5*b - 48. Let y = -50 - b. What is the units digit of y?
0
Let h = 4 - -1. Suppose -2*a + h*a = 6. Suppose -2*u + 4*u + a = -5*r, 2*r = -2*u + 4. What is the units digit of u?
4
What is the units digit of 0*1/(-2) - -1?
1
What is the units digit of 34 - (-2 + -4 + 9)?
1
Let v(q) be the third derivative of -q**6/120 + q**5/20 + 5*q**4/24 - 2*q**3/3 - q**2. Let a = -21 - -24. What is the tens digit of v(a)?
1
Let r be ((-3)/9)/((-1)/12). Suppose 5*z - r = 3*z. What is the units digit of z?
2
Suppose -3*a - 4 = -1. Suppose 3*s - 4*s = -3. What is the units digit of ((-3)/s*1)/a?
1
Let z(a) = -a**3 + 5*a**2 + 5*a + 6. Let l be z(6). Let o(j) = 5*j**2 + 3*j - 4*j**2 - 2*j + 4 + 0*j**2. What is the units digit of o(l)?
4
What is the tens digit of 6/(-4)*420/(-18)?
3
Let k be (1 - 2)*(0 - 2). Let y be -5*(-3)/10*k. Suppose -i - y*o + 25 = 3*i, 5*o + 25 = 0. What is the units digit of i?
0
Let b(m) = -m**3 - 9*m - 5. What is the units digit of b(-3)?
9
Suppose -3*u - 40 = u. Let l = -6 - u. Suppose l = n + 3. What is the units digit of n?
1
Suppose -71 = 2*z - 3*z. What is the units digit of z?
1
Suppose -2*d - 25 = -219. What is the units digit of d?
7
Suppose -2*b - 2*b - 5*v = -300, 2*v = 5*b - 342. What is the tens digit of b?
7
Let f(d) = d**3 + 3*d**2 - 2*d - 3. Let a(j) = j**2 + 6*j + 2. Let g be a(-5). What is the units digit of f(g)?
3
Suppose -y - 4*y = -55. Let d = 16 - y. Suppose -5*m = d*o + 10, 3*o = -2*m - 0*o - 8. What is the units digit of m?
2
Let f be (-2 - (1 - -2))*-1. Let a = f - 1. What is the units digit of a?
4
Suppose 4*y - 4*n = 71 + 33, 0 = -4*y + 2*n + 98. Let w = y + -8. What is the tens digit of w?
1
Let x(u) = -3*u**3 - u**2 - 2*u - 1. Let r = 2 - 3. Let f be x(r). Suppose f*g - 17 + 5 = 0. What is the units digit of g?
4
Let x = 6 - -3. Let c(t) = t**3 + 0 - 2*t**3 + 5*t**2 - 9 + x*t. What is the units digit of c(6)?
9
Let y(m) = -20*m + 1. What is the tens digit of y(-1)?
2
Let n(t) = 5*t - 2. Let j(z) = -z - 1. Let u(o) = -2*j(o) - n(o). What is the tens digit of u(-3)?
1
Suppose 6*y - 74 = 4*y. What is the units digit of y?
7
Let n(g) be the first derivative of g**6/360 - g**5/30 - 7*g**4/24 + g**3 - 2. Let p(b) be the third derivative of n(b). What is the units digit of p(6)?
5
Suppose -z - 54 = -4*z. What is the units digit of z?
8
What is the units digit of ((1 + -2)/2)/((-3)/1158)?
3
Let h(k) = k**2 - 2. Let z be h(-6). Suppose -3*t - r = -t - 38, -z = -2*t + r. What is the units digit of t?
8
Let m be 17 + (-1 - (-4 + 2)). Suppose -m = -3*c - 78. Let d = -10 - c. What is the tens digit of d?
1
Let v = 3 + 60. What is the units digit of v?
3
Suppose -16 = -i - 7. What is the tens digit of (0 + 1)/(i/117)?
1
What is the hundreds digit of 5 + (249 + 0 - 2)?
2
Let q(r) = -r**3 - 10*r**2 - 12*r - 22. What is the units digit of q(-9)?
5
Let d = 120 - 50. What is the tens digit of d?
7
Let q(h) = 25*h - 3. What is the tens digit of q(1)?
2
Suppose -v - 4 = -3*v, -5*t - v = 8. Let m = t - -3. What is the units digit of m/(1 + 4/(-5))?
5
Suppose 8 - 2 = 3*o + 4*b, 0 = 2*o + b - 4. Suppose 0*t - 12 = -2*w + 4*t, 21 = o*w - t. Let m = 7 + w. What is the units digit of m?
9
Let l be (6*(-8)/12)/1. What is the tens digit of (-78)/l*(-6)/(-9)?
1
Let k = -42 - -103. What is the units digit of k?
1
Let k = 8 - -156. What is the units digit of k?
4
Let t = -15 - -26. Let c = t - -1. What is the units digit of c?
2
What is the tens digit of (-1315)/(-35) + 6/14?
3
Suppose -10 = 7*h - 2*h. What is the units digit of 5 - 0 - (0 - h)?
3
Let l(o) = -8*o + 4*o + 9*o**2 + 5*o + 1. Let i be (1/(2/2))/(-1). What is the units digit of l(i)?
9
Let q(b) = 3*b**3 + 23*b**2 - 7*b - 14. Let p(u) = 2*u**3 + 12*u**2 - 3*u - 7. Let y(v) = -5*p(v) + 3*q(v). What is the units digit of y(8)?
9
Let a(t) = t**2 - 12*t - 18. What is the units digit of a(14)?
0
Let p(j) = 9 - 4*j**3 + 5*j + 7*j**2 + 3*j**3 - 5*j. Let w be p(7). Suppose -t + 9 = -2*l, 0 = -t + 5*l - 0*l + w. What is the units digit of t?
9
Suppose 2*c = 2*h - 8, -h + 4*c + 4 = -c. What is the units digit of h?
4
Suppose 0 = 4*f + 3*r - 168, 5*f + 4*r = r + 213. What is the units digit of f?
5
Suppose 3*a = 2*b + 14, -3 - 3 = 2*b - 5*a. Let m = -4 - b. What is the units digit of m?
9
Suppose 74 = 5*m - 26. What is the units digit of m?
0
Let y = 53 - 34. What is the tens digit of y?
1
Let h = -3 + 0. Let a be ((-12)/(-16))/(h/(-8)). Suppose -42 = -4*v + a*v. What is the units digit of v?
1
Suppose -x - 21 = 5*l, 2*x - 16 = 6*x + 3*l. Let b(h) = -6*h. Let m be b(x). What is the units digit of (-46)/(-14) + m/(-21)?
3
Suppose 0 = 16*t - 22*t + 2190